6
Suppose -461*h - 440 = -472*h. Calculate the highest common factor of 1604 and h.
4
Let q be ((-9)/18)/((-2)/(-16)). Let i be (-1)/q + (-1255)/(-20). Let f = i + -48. What is the highest common divisor of 105 and f?
15
Let v = 91 - 89. Suppose p - 109 = -v*u, -u + 2*p + 16 = -41. Suppose u = 5*c + t, -t = -4*c - 4*t + 55. Calculate the highest common divisor of c and 70.
10
Let j be ((225/12)/5)/((-699)/(-182672)). Calculate the greatest common divisor of j and 392.
196
Let p(l) = 21*l + 630. Let f be p(-28). Suppose -9*j + 2*j = -21. Calculate the greatest common divisor of j and f.
3
Suppose -4*k + 3*h = -270, 6*h - 2*h - 58 = -k. Suppose -r = 3*n - k, -r + 69 = -0*r + 4*n. What is the greatest common factor of r and 95?
19
Let s(d) = 9*d**2 + 7*d + 5. Let z be s(-4). Let i = -31 + z. Calculate the highest common divisor of 72 and i.
18
Let m be 1741/6 + (-40)/240. What is the greatest common factor of 464 and m?
58
Let z(m) = -48*m - 2397. Let t be z(-50). What is the highest common factor of 474 and t?
3
Suppose -2*a - 2 + 66 = 0. Let z(c) = 4298*c - 12270. Let j be z(3). Calculate the highest common factor of j and a.
16
Let z be 79 - 27 - (-3)/(-1 + -2). Suppose -2368 - 2681 = -z*x. Calculate the highest common factor of x and 297.
99
Let c = 5405 - 4952. Calculate the highest common divisor of 9 and c.
3
Let a be (-5)/1*(-14 + 4). Suppose -55 = -3*p + a. Suppose -c = -2*l + 5, 7*l - 2*l = 5*c. What is the greatest common factor of l and p?
5
Let f(h) = -2*h**3 - 8*h**2 - 6*h + 46. Let z be f(-5). Calculate the greatest common divisor of 7 and z.
7
Let p = 12718 - 11024. What is the greatest common divisor of p and 238?
14
Suppose 3*o - 2*r - 115 = 0, 6*o - 100 = 3*o - r. Suppose 11*j = 6*j + 1400. Calculate the greatest common factor of o and j.
35
Let y be (-68)/18 - ((-14)/9)/(-7). Let m be (-24)/7*14/y. What is the greatest common factor of 192 and m?
12
Let r = -1384 + 1576. Suppose -24 = -2*u + o, u - 2*o = -0*u + 12. What is the greatest common factor of u and r?
12
Let z(u) = -3*u**2 + 53*u - 66. Let v be z(2). Let d = -19 - -61. What is the greatest common factor of d and v?
14
Let s = 29748 + -25680. Calculate the greatest common divisor of 1130 and s.
226
Suppose 51*v - 923800 = -104*v. What is the greatest common factor of 40 and v?
40
Let g be (-1)/6 + (-105456)/(-288). What is the greatest common factor of g and 1952?
122
Let i = 0 - -22. Suppose i = 2*v - 32. Suppose 3*j - 5*m = 66, -j + 3*j - 4*m - 42 = 0. Calculate the greatest common factor of j and v.
27
Let u = 19 - 9. Let o = 623 + -611. Let n be (-1 - -5)/(o/75). What is the greatest common divisor of u and n?
5
Let p(w) = -84*w**2 + 4*w + 9. Let v be p(3). Let c = -505 - v. Calculate the greatest common divisor of 15 and c.
5
Suppose 206 = 5*p - 3*l, -24*l + 27*l = -2*p + 74. Calculate the greatest common factor of p and 1620.
20
Let d(y) = y**2 - 14*y + 103. Let k be d(9). What is the highest common factor of 14 and k?
2
Let b be ((-12)/(-3)*1/2)/((-7)/(-315)). Calculate the greatest common divisor of b and 1070.
10
Let d(l) = 61*l + 10. Let w be d(-2). Let s = -49 - w. Calculate the highest common factor of s and 441.
63
Let p(k) = -2488*k**3 - 3*k**2 + 2*k + 2. Let s be p(-1). What is the highest common divisor of 70 and s?
35
Suppose 19348*z = 19332*z + 3072. Suppose 0 = 4*p - p - 36. What is the highest common factor of p and z?
12
Suppose 0 = 18*j - 14*j - 64. Suppose 2839 - 2215 = 6*w. Calculate the greatest common divisor of w and j.
8
Let p(f) = 2*f + 0*f - 8 + 104. Suppose 5*v = -20, -148*v + 150*v = -d - 8. Let u be p(d). Calculate the greatest common divisor of 32 and u.
32
Suppose 1655*u - 1641*u = 4466. Calculate the highest common divisor of 203 and u.
29
Suppose 0 = 5*d - 25, -101*i + 96*i + 4705 = 3*d. What is the highest common factor of i and 28?
14
Suppose -6*o - 4*y + 720 = -4*o, 0 = o + 3*y - 360. Suppose 49*i - 43*i - o = 0. Suppose u - 120 = -4*u. Calculate the highest common factor of u and i.
12
Suppose -12 = 2*o - 20. Suppose -12 - 15 = -o*b - 5*a, 4*b - a = 9. Suppose 5*r + v - 183 = -0*v, b*r + v = 111. What is the highest common factor of r and 12?
12
Let u(j) = -j - 25. Let v be u(0). Let z = -11 - v. Let d = -19 - -75. Calculate the greatest common divisor of z and d.
14
Let x = -2079 - -2259. What is the greatest common divisor of x and 960?
60
Suppose -5*i = 15, -7*i + 1522 = -5*n - 6*i. Let c = -141 - n. Calculate the greatest common factor of c and 123.
41
Let p be 298/10 + 4 + 19/(-5). Let q = 64 + 10. Suppose -q = -4*u - 0*d - 2*d, 5*u + 5*d - 85 = 0. What is the greatest common factor of u and p?
10
Suppose -5*x + 177095 = -5*j, -5*j - 142117 = -3*x - 35876. Calculate the highest common divisor of 147 and x.
147
Suppose 96*p + 18 = 98*p + 2*k, 0 = -2*k + 8. Calculate the highest common factor of 755 and p.
5
Suppose 14*v - 11726 = 33088. Calculate the greatest common factor of 33 and v.
33
Let p be (-1032)/(8 + -14) + 0. Calculate the highest common divisor of 3440 and p.
172
Let q(z) = 288*z - 5656. Let b be q(23). What is the highest common divisor of b and 64?
8
Let s be (-21 - 105/(-15)) + 122. What is the highest common factor of s and 675?
27
Let b be (14/2)/((-11)/253). Let n = -142 - b. What is the highest common factor of n and 57?
19
Let v(m) = m**3 - 17*m**2 - 108*m - 22. Let a(r) = -7*r - 223. Let j be a(-35). Let u be v(j). Calculate the highest common divisor of u and 14.
2
Let h(x) = -x - 3. Let r be h(-12). Let w = r + -4. Let i = -30757 - -30762. Calculate the highest common divisor of w and i.
5
Let h(m) = -12*m + 51. Let v be h(-12). Let i = 310 - v. What is the highest common divisor of 92 and i?
23
Let t = -50 - -77. Suppose 0 = 4*i - 9 - 15. Suppose 45 = -c + i*c. What is the highest common divisor of c and t?
9
Let i be -2*3 - 182/(-2). Let s(g) = -g**3 - 8*g**2 - 7*g + 6. Let o be s(-7). Suppose -o*n + 2*n = -20. Calculate the greatest common divisor of n and i.
5
Suppose -5*h - 40*g = -37*g - 111, -8*h + 158 = 2*g. What is the highest common divisor of h and 12438?
18
Let h be 3*-1 - (1 + -9). Suppose 0 = 2*b + h*x - 1103, -x + 4*x + 1127 = 2*b. Let a = b - 361. Calculate the highest common factor of 22 and a.
22
Let k(f) = 53*f**2 + 7*f + 9. Let h be k(-3). Let c be (-10)/15 - h/(-9). Let t = 79 + -62. Calculate the highest common divisor of t and c.
17
Suppose 30 = 2*o + o - 4*x, 0 = 4*x + 12. Let n(c) = c**3 + 10*c**2 + 10*c + 27. Let p be n(-7). Let t = -92 + p. What is the highest common divisor of t and o?
6
Suppose -100968 = -348*l - 854*l. Suppose 0 = -4*p - j - 28, 0 = -p + j - 7 - 0. Let c = p - -19. What is the highest common factor of l and c?
12
Suppose -4*g = -4*u - 9492, 8*u = -34 - 6. What is the highest common factor of 74 and g?
74
Suppose 5*x + 2*j - 2080 = 0, 15*x = -3*j - 117 + 6372. Calculate the greatest common factor of 198 and x.
22
Let u be (-175 - -1)*-1 - -2. Let f(l) = l**3 - 22*l**2 + 86*l + 5. Let t be f(17). Suppose -35*a + t*a = -208. Calculate the highest common factor of a and u.
16
Suppose 148 - 1936 = -4*w. Let d = w + -432. Calculate the highest common factor of d and 25.
5
Let m(o) = 4*o**2 + 5*o - 3. Let q(j) = -3*j - 20. Let k be q(-19). Suppose 0 = -7*c + 16 - k. Let x be m(c). Calculate the highest common factor of 198 and x.
18
Let a = 536 + -495. Let z be (a - -1)/(1/6). Calculate the greatest common divisor of 168 and z.
84
Let p be (-392)/(-21) - (-3)/9. Suppose 8 - 2 = 3*o. Suppose -a + 348 = 4*r - 181, o*a = -6. What is the highest common factor of p and r?
19
Let n(f) = -5*f**2 - 346*f + 176. Let a be n(-66). What is the greatest common factor of a and 1904?
112
Suppose -11*d + 9 = -8*d. Suppose -d*m + a = 111, -3*m + 3*a = -2*m + 29. Let w = m - -59. What is the greatest common divisor of 63 and w?
21
Let f(c) = 6*c**3 + 24*c**2 - 79*c + 4. Let v be f(-6). What is the greatest common divisor of v and 248?
2
Let v be (-5)/15*-3 - -2. Suppose -1 = -2*u - 3*f, 2 = 3*u + v*f + f. Calculate the greatest common divisor of 2 and u.
2
Suppose 3*c + 0*c - 865 = 5*r, c = r + 287. Let o be (2 + (-36)/24)/((-1)/(-1938)). Suppose 29*q - o = 12*q. What is the greatest common factor of q and c?
57
Let l(o) = 35*o - 21. Let m be l(17). Let n be 8/(-14) + 11234/